{"id":481,"date":"2015-01-07T11:43:44","date_gmt":"2015-01-07T11:43:44","guid":{"rendered":"http:\/\/monika-reinhart.de\/?page_id=481"},"modified":"2025-11-13T16:34:34","modified_gmt":"2025-11-13T16:34:34","slug":"aktuell","status":"publish","type":"page","link":"https:\/\/monika-reinhart.de\/?page_id=481","title":{"rendered":"aktuell"},"content":{"rendered":"\n\n\n<p><\/p>\n\n\n<div>&nbsp;<\/div>\n<div>&nbsp;<\/div>\n<div><strong><span style=\"color: revert; font-size: 28px;\">Streitfeld &#8211; <\/span><\/strong><strong><span style=\"color: revert; font-size: 28px;\">offene Ateliers 2025<\/span><\/strong><\/div>\n<div><a href=\"https:\/\/streitfeld-offen.net\/\">https:\/\/streitfeld-offen.net\/<\/a><\/div>\n<div>&nbsp;<\/div>\n<div>&nbsp;<\/div>\n<div>&nbsp;<\/div>\n<div>&nbsp;<\/div>\n<div><strong><span style=\"color: revert; font-size: 28px;\">Kunst trifft Kochkunst 6<\/span><\/strong><\/div>\n<div><strong><span style=\"color: revert; font-size: 28px;\">Hotel Traube Tonbach<\/span><\/strong><\/div>\n<div>\n<div>&nbsp;<\/div>\n<div><strong><span style=\"color: revert; font-size: 28px;\">04. &#8211; 6. April 2025<\/span><\/strong><\/div>\n<div>&nbsp;<\/div>\n<div class=\"elementor-element elementor-element-771fb4d7 elementor-widget elementor-widget-text-editor\" data-id=\"771fb4d7\" data-element_type=\"widget\" data-widget_type=\"text-editor.default\">\n<p>Seien Sie mit dabei, wenn neue und bereits bekannte K\u00fcnstlerinnen und K\u00fcnstler der Galerie Uli Lang das Hotel der Traube Tonbach in einen Kunst-Event der besonderen Art verwandeln. Ob in den Fluren, in den Lounge-Bereichen, im Au\u00dfenbereich oder im Epizentrum der Kochkunst, im neu er\u00f6ffneten Haupthaus, \u00fcberall l\u00e4dt Sie die Kunst ein, neu zu sehen, zu f\u00fchlen und zu denken!<\/p>\n<p><a href=\"https:\/\/kunst-traubetonbach.com\/wp-content\/uploads\/2025\/02\/Broschuere_KtKk6_2025_online.pdf\">https:\/\/kunst-traubetonbach.com\/wp-content\/uploads\/2025\/02\/Broschuere_KtKk6_2025_online.pdf<\/a><\/p>\n<h4 class=\"elementor-widget-container\">Hotel Traube Tonbach I 72270 Baiersbronn I Tonbachstr. 237<\/h4>\n<h3 class=\"elementor-widget-container\"><span style=\"font-size: 1rem;\">in Kooperation mit Uli Lang Galerie f\u00fcr zeitgen\u00f6ssische Kunst<\/span><\/h3>\n<div>&nbsp;<\/div>\n<div>&nbsp;<\/div>\n<div>&nbsp;<\/div>\n<p>&nbsp;<\/p>\n<p>&nbsp;<\/p>\n<\/div>\n<\/div>","protected":false},"excerpt":{"rendered":"<p>&nbsp; &nbsp; Streitfeld &#8211; offene Ateliers 2025 https:\/\/streitfeld-offen.net\/ &nbsp; &nbsp; &nbsp; &nbsp; Kunst trifft Kochkunst 6 Hotel Traube Tonbach &nbsp; 04. &#8211; 6. April 2025 &nbsp; Seien Sie mit dabei, wenn neue und bereits bekannte K\u00fcnstlerinnen und K\u00fcnstler der Galerie Uli Lang das Hotel der Traube Tonbach in einen Kunst-Event der besonderen Art verwandeln. Ob [&hellip;]<\/p>\n","protected":false},"author":2,"featured_media":0,"parent":0,"menu_order":0,"comment_status":"closed","ping_status":"closed","template":"","meta":{"ngg_post_thumbnail":0,"footnotes":""},"_links":{"self":[{"href":"https:\/\/monika-reinhart.de\/index.php?rest_route=\/wp\/v2\/pages\/481"}],"collection":[{"href":"https:\/\/monika-reinhart.de\/index.php?rest_route=\/wp\/v2\/pages"}],"about":[{"href":"https:\/\/monika-reinhart.de\/index.php?rest_route=\/wp\/v2\/types\/page"}],"author":[{"embeddable":true,"href":"https:\/\/monika-reinhart.de\/index.php?rest_route=\/wp\/v2\/users\/2"}],"replies":[{"embeddable":true,"href":"https:\/\/monika-reinhart.de\/index.php?rest_route=%2Fwp%2Fv2%2Fcomments&post=481"}],"version-history":[{"count":268,"href":"https:\/\/monika-reinhart.de\/index.php?rest_route=\/wp\/v2\/pages\/481\/revisions"}],"predecessor-version":[{"id":2039,"href":"https:\/\/monika-reinhart.de\/index.php?rest_route=\/wp\/v2\/pages\/481\/revisions\/2039"}],"wp:attachment":[{"href":"https:\/\/monika-reinhart.de\/index.php?rest_route=%2Fwp%2Fv2%2Fmedia&parent=481"}],"curies":[{"name":"wp","href":"https:\/\/api.w.org\/{rel}","templated":true}]}}