{"id":15,"date":"2014-11-03T13:15:38","date_gmt":"2014-11-03T13:15:38","guid":{"rendered":"http:\/\/monika-reinhart.de\/?page_id=15"},"modified":"2014-11-11T20:15:37","modified_gmt":"2014-11-11T20:15:37","slug":"impressum","status":"publish","type":"page","link":"https:\/\/monika-reinhart.de\/?page_id=15","title":{"rendered":"impressum"},"content":{"rendered":"<p>Angaben gem\u00e4\u00df \u00a7 6 Teledienstgesetz (TDG):<\/p>\n<p>Malerei<br \/>\nMonika Reinhart<br \/>\nStreitfeldstr. 33 VGB 2.15<br \/>\n81673 M\u00fcnchen<\/p>\n<p>Tel:<\/p>\n<p>eMail: monika.reinhart@web.de<br \/>\nInternet: www.monika-reinhart.de<\/p>\n<p>Haftungsausschluss<\/p>\n<p>1. Haftungsbeschr\u00e4nkung<br \/>\nTrotz sorgf\u00e4ltigster Erstellung und regelm\u00e4\u00dfiger Pr\u00fcfung dieser Website \u00fcbernimmt der Anbieter keine Gew\u00e4hr f\u00fcr die Richtigkeit, Vollst\u00e4ndigkeit und Aktualit\u00e4t der bereitgestellten Inhalte. Die Nutzung erfolgt auf eigene Gefahr. Ferner beh\u00e4lt sich der Anbieter das Recht vor, die Inhalte dieser Website jederzeit zu \u00e4ndern, oder das Angebot komplett oder teilweise einzustellen. Durch die Nutzung dieser Website kommt keinerlei Vertragsverh\u00e4ltnis zustande. Anspr\u00fcche seitens des Nutzers gegen\u00fcber dem Anbieter bestehen zu keinem Zeitpunkt.<br \/>\nDer Anbieter dieser Website \u00fcbernimmt keinerlei Verantwortung f\u00fcr die Inhalte externer Links. Die verlinkten Websites Dritter unterliegen ausschlie\u00dflich der Haftung der jeweiligen Betreiber. Bei Kenntnis von rechtswidrigen Inhalten werden diese Links unverz\u00fcglich von dieser Website gel\u00f6scht.<br \/>\n2. Urheberrecht<br \/>\nAlle Urheberrechte f\u00fcr die Inhalte dieser Website liegen beim Anbieter. Es gilt das deutsche Urheberrecht. Vervielf\u00e4ltigung, Bearbeitung, Einspeicherung, Verarbeitung und Wiedergabe von Inhalten in Datenbanken oder anderen elektronischen Medien und Systemen sind ausdr\u00fccklich nicht gestattet. Sie bed\u00fcrfen der vorherigen schriftlichen Genehmigung des Anbieters.<br \/>\n3. Datenschutz<br \/>\nDie Verwendung der Kontaktdaten dieser Website zur gewerblichen Werbung ist ausdr\u00fccklich untersagt. Ebenso ist die Weitergabe der Daten zu jeder kommerziellen Verwendung nicht gestattet und bedarf der schriftlichen Genehmigung des Anbieters.<br \/>\n4. Anwendbares Recht<br \/>\nEs gilt das ma\u00dfgebliche Recht der Bundesrepublik Deutschland.<br \/>\nCopyright \u00a9 2006 2009 Monika Reinhart \u00b7 Please report any technical problems to the webmaster.<\/p>\n","protected":false},"excerpt":{"rendered":"<p>Angaben gem\u00e4\u00df \u00a7 6 Teledienstgesetz (TDG): Malerei Monika Reinhart Streitfeldstr. 33 VGB 2.15 81673 M\u00fcnchen Tel: eMail: monika.reinhart@web.de Internet: www.monika-reinhart.de Haftungsausschluss 1. Haftungsbeschr\u00e4nkung Trotz sorgf\u00e4ltigster Erstellung und regelm\u00e4\u00dfiger Pr\u00fcfung dieser Website \u00fcbernimmt der Anbieter keine Gew\u00e4hr f\u00fcr die Richtigkeit, Vollst\u00e4ndigkeit und Aktualit\u00e4t der bereitgestellten Inhalte. Die Nutzung erfolgt auf eigene Gefahr. Ferner beh\u00e4lt sich der [&hellip;]<\/p>\n","protected":false},"author":1,"featured_media":0,"parent":0,"menu_order":0,"comment_status":"closed","ping_status":"closed","template":"","meta":{"ngg_post_thumbnail":0,"footnotes":""},"_links":{"self":[{"href":"https:\/\/monika-reinhart.de\/index.php?rest_route=\/wp\/v2\/pages\/15"}],"collection":[{"href":"https:\/\/monika-reinhart.de\/index.php?rest_route=\/wp\/v2\/pages"}],"about":[{"href":"https:\/\/monika-reinhart.de\/index.php?rest_route=\/wp\/v2\/types\/page"}],"author":[{"embeddable":true,"href":"https:\/\/monika-reinhart.de\/index.php?rest_route=\/wp\/v2\/users\/1"}],"replies":[{"embeddable":true,"href":"https:\/\/monika-reinhart.de\/index.php?rest_route=%2Fwp%2Fv2%2Fcomments&post=15"}],"version-history":[{"count":2,"href":"https:\/\/monika-reinhart.de\/index.php?rest_route=\/wp\/v2\/pages\/15\/revisions"}],"predecessor-version":[{"id":23,"href":"https:\/\/monika-reinhart.de\/index.php?rest_route=\/wp\/v2\/pages\/15\/revisions\/23"}],"wp:attachment":[{"href":"https:\/\/monika-reinhart.de\/index.php?rest_route=%2Fwp%2Fv2%2Fmedia&parent=15"}],"curies":[{"name":"wp","href":"https:\/\/api.w.org\/{rel}","templated":true}]}}